t is o(-18)?
-180
Let r(x) = -7*x**2 + 56*x - 4. Calculate r(8).
-4
Let k(o) = 3*o**2 + 13*o + 8. Calculate k(-9).
134
Let q(x) = -3*x**3 + 9*x**2 + 120*x + 306. Determine q(-3).
108
Let j(k) = -113*k - 356. Give j(-3).
-17
Let a(u) = -u**2 - 515*u + 13494. Give a(25).
-6
Let n(m) = 3*m**2 + 48*m + 35. Give n(-15).
-10
Let p(f) = -f**3 - 23*f**2 - 45*f + 122. Determine p(-21).
185
Let y(t) = -t**3 + 12*t**2 + 112*t - 82. What is y(18)?
-10
Let v(d) = -2949*d + 5906. Calculate v(2).
8
Let d(n) = n**3 + 12*n**2 - 281*n - 130. Calculate d(-24).
-298
Let s(h) = -2080*h + 20797. What is s(10)?
-3
Let f(c) = 10492*c - 62960. Determine f(6).
-8
Let b(r) = -r**3 + r**2 + 63*r - 52. Give b(0).
-52
Let f(z) = 9*z**2 + 881*z + 3374. Calculate f(-4).
-6
Let h(u) = -34*u - 3684. Give h(-108).
-12
Let j(l) = -l**3 + 2*l**2 + 113*l - 58. Give j(-10).
12
Let u(k) = -2*k**3 - 6*k**2 + 41*k - 24. What is u(3)?
-9
Let t(v) = 93*v + 25. Calculate t(-1).
-68
Let v(z) = -130*z + 2070. Give v(16).
-10
Let w(m) = -m**3 + 23*m**2 - 31*m + 1329. Determine w(24).
9
Let m(l) = 409*l + 2044. Calculate m(-5).
-1
Let p(t) = -t + 9. Determine p(-10).
19
Let g(j) = -5*j + 66. Give g(-8).
106
Let w(h) = 3*h**2 + 46*h + 27. Calculate w(12).
1011
Let y(q) = q**2 - 27*q + 111. What is y(24)?
39
Let y(i) = 29*i**2 - 4*i + 3. Calculate y(1).
28
Let d(g) = -4*g**2 - 430*g - 34. Give d(-109).
-688
Let i(a) = -a**3 - 10*a**2 - 15*a + 125. Give i(-11).
411
Let x(g) = -g**3 + 13*g**2 + 66*g + 310. What is x(16)?
598
Let f(z) = -3*z**2 + 281*z - 170. Determine f(93).
16
Let m(y) = y**3 - 84*y**2 + 243*y + 17. Calculate m(81).
17
Let l(k) = 169*k + 134. Calculate l(-3).
-373
Let z(m) = -98*m - 1871. Calculate z(-19).
-9
Let v(i) = -7*i**2 - 2*i - 11. Give v(-4).
-115
Let a(s) = s - 210. Determine a(31).
-179
Let c(g) = -44*g + 285. Give c(-5).
505
Let k(x) = -x**3 + x**2 + 14*x + 8. What is k(0)?
8
Let h(m) = 233*m + 100. What is h(-1)?
-133
Let f(c) = -2*c**3 + 39*c**2 - 54*c + 6. Calculate f(18).
6
Let f(u) = 66*u + 688. Calculate f(-4).
424
Let o(k) = -569*k - 9687. What is o(-17)?
-14
Let x(a) = -a**3 + 61*a**2 + 68*a - 374. Determine x(62).
-2
Let b(i) = -3*i**3 - 67*i**2 - 22*i - 39. Calculate b(-22).
-39
Let w(j) = -19*j**2 + 96*j + 79. What is w(6)?
-29
Let w(l) = -l**3 - 20*l**2 - 33*l - 18. What is w(-18)?
-72
Let i(g) = g**3 + 24*g**2 - 57*g - 53. Calculate i(-26).
77
Let t(u) = 13*u - 577. Determine t(42).
-31
Let o(w) = 8*w**3 - 3*w**2 - 8*w - 25. Calculate o(-3).
-244
Let m(w) = -w - 87. Determine m(-51).
-36
Let c(z) = -2*z**3 - 148*z**2 - 126*z + 1462. Calculate c(-73).
2
Let h(x) = 201*x - 2209. What is h(11)?
2
Let r(v) = -77*v**2 - v + 48. Determine r(1).
-30
Let d(w) = -120*w + 1955. Give d(16).
35
Let v(y) = -y**2 - 31*y + 7. Determine v(-21).
217
Let x(v) = -2*v**3 - 4*v**2 + 10*v + 126. Give x(0).
126
Let x(o) = -o**3 + 6*o**2 - 3*o - 12. Give x(5).
-2
Let a(g) = -g**3 - 42*g**2 - 26*g + 608. What is a(-41)?
-7
Let u(w) = -7656*w - 53588. What is u(-7)?
4
Let m(k) = k**3 + 40*k**2 - 26*k + 649. Calculate m(-41).
34
Let i(z) = -360*z - 732. Determine i(-2).
-12
Let c(z) = -z**2 - 6896*z - 6894. Give c(-1).
1
Let j(r) = -4*r**2 - 72*r - 211. Calculate j(-3).
-31
Let b(v) = -v**3 + 24*v**2 + 102*v - 992. Give b(5).
-7
Let u(t) = 14*t - 1776. Calculate u(127).
2
Let z(y) = 7*y**3 - 4*y**2 - 3*y - 13. Determine z(4).
359
Let b(o) = -o**3 + 137*o**2 + 259*o + 2645. Give b(139).
4
Let z(l) = 806*l + 5610. Give z(-7).
-32
Let v(h) = 39*h + 17. Give v(2).
95
Let v(c) = -5*c**3 + 72*c**2 - 31*c + 22. Calculate v(14).
-20
Let f(u) = -u**2 + 32*u - 28. Determine f(38).
-256
Let c(k) = k**2 + 56*k + 230. Give c(-5).
-25
Let b(z) = 28*z + 1823. What is b(-68)?
-81
Let n(x) = 61*x**3 + 49*x**2 + 2*x + 1. What is n(-1)?
-13
Let l(s) = 125*s**3 + 3*s**2 + 25*s - 27. Calculate l(1).
126
Let f(d) = 2*d**3 - 58*d**2 - 73*d + 172. Give f(30).
-218
Let f(s) = -s**2 - 988*s - 5895. Give f(-6).
-3
Let q(m) = -m**3 + 72*m**2 - 277*m + 332. What is q(68)?
-8
Let x(h) = -4*h**2 - 182*h + 59. Give x(-46).
-33
Let m(c) = 124*c + 327. Give m(3).
699
Let q(u) = u**3 - 41*u**2 - 170*u - 505. Determine q(45).
-55
Let l(u) = u**3 + 6*u**2 + 3*u - 9. Determine l(1).
1
Let c(k) = -2*k**2 + 7*k + 29. Determine c(-5).
-56
Let n(g) = 1915*g - 15315. Determine n(8).
5
Let p(n) = -152*n - 2168. Determine p(-15).
112
Let c(k) = k**3 + 70*k**2 + 47*k - 1517. Determine c(-69).
1
Let a(m) = -920*m + 3676. What is a(4)?
-4
Let t(x) = -24*x**2 + 125*x - 376. What is t(3)?
-217
Let m(j) = -j**3 - 16*j**2 - 7*j + 88. What is m(-3)?
-8
Let g(t) = t**3 - 16*t**2 + 18*t - 79. Give g(14).
-219
Let c(u) = u**2 - 4*u + 47. Give c(-10).
187
Let o(g) = -g**3 - 41*g**2 + g + 120. Determine o(-41).
79
Let w(h) = -h**3 - 6*h**2 - 4*h - 59. Give w(-7).
18
Let g(p) = 178*p - 31306. What is g(176)?
22
Let b(o) = 4*o**2 - 30*o + 1. Calculate b(6).
-35
Let f(q) = -18*q**2 + 49*q + 360. Calculate f(6).
6
Let w(o) = 44*o - 828. Calculate w(19).
8
Let t(q) = -q**3 - 54*q**2 + 526*q + 1861. Calculate t(-62).
1
Let k(h) = -2*h**3 + 33*h**2 - 179*h + 491. What is k(10)?
1
Let s(l) = -l**2 + 317*l - 3357. What is s(11)?
9
Let p(s) = 3*s**2 - 22*s - 10. What is p(7)?
-17
Let m(c) = 25*c**2 + 130*c + 130. What is m(-1)?
25
Let d(j) = -193*j - 88. Give d(-1).
105
Let c(v) = -v**3 + 6*v**2 - 85*v + 396. Determine c(5).
-4
Let s(r) = 51*r**2 + r. Give s(2).
206
Let f(o) = o**3 + 3*o**2 - 107*o - 22. Determine f(-12).
-34
Let n(c) = -7*c - 64. Calculate n(-1).
-57
Let s(y) = -y**3 - 12*y**2 + 30*y + 339. Give s(-9).
-174
Let q(o) = 588*o - 611. Give q(1).
-23
Let z(s) = -s**2 + 16*s - 52. Determine z(3).
-13
Let j(y) = y**3 + 15*y**2 + 501*y + 6181. Give j(-13).
6
Let t(p) = -2*p**3 + 155*p**2 - 226*p - 73. Determine t(76).
79
Let n(y) = 53*y + 80. Calculate n(-2).
-26
Let u(m) = -10*m**2 + 387*m - 1981. Determine u(5).
-296
Let y(o) = o**2 - 4*o - 31. Determine y(-3).
-10
Let r(b) = -403*b + 9108. What is r(22)?
242
Let c(j) = 49*j**3 + 3*j**2 - 2*j - 1. Calculate c(1).
49
Let a(u) = u**3 + 35*u**2 + 94*u - 60. Determine a(-32).
4
Let t(i) = 53*i - 388. Calculate t(7).
-17
Let c(t) = -2445*t - 7504. Give c(-3).
-169
Let o(m) = 27*m + 1530. Calculate o(-57).
-9
Let l(v) = -v + 36. Give l(-17).
53
Let x(h) = -h**3 - 27*h**2 - 123*h + 6. Calculate x(-6).
-12
Let o(b) = b**3 + 44*b**2 + 85*b + 1802. What is o(-43)?
-4
Let b(x) = -527*x - 3046. Determine b(-6).
116
Let p(v) = -7*v**2 + 92*v + 70. Determine p(14).
-14
Let q(j) = -7*j**2 - 167*j + 605. Calculate q(-27).
11
Let b(p) = -3*p**3 + 37*p**2 - 41*p - 25. Determine b(11).
8
Let r(c) = c**2 + 125*c + 3310. Give r(-87).
4
Let q(t) = -t**2 + 64*t - 980. What is q(35)?
35
Let u(h) = -h**3 - 9*h**2 + 5*h - 32. Determine u(-10).
18
Let t(i) = 3*i**2 + 30*i + 1. Determine t(-10).
1
Let l(c) = -12*c - 298. Give l(7).
-382
Let s(p) = 185*p + 6299. What is s(-34)?
9
Let r(z) = 28*z + 85. Determine r(-5).
-55
Let m(b) = -5*b - 49. What is m(-11)?
6
Let c(n) = -24405*n - 97622. Calculate c(-4).
-2
Let n(o) = -345*o + 4116. Give n(12).
-24
Let n(u) = 66*u + 1892. What is n(-27)?
110
Let b(t) = 25*t + 96. Give b(0).
96
Let r(n) = 3*n**2 + 57*n + 45. Determine r(-22).
243
Let w(b) = 11*b - 158. Calculate w(14).
-4
Let o(g) = -9*g**2 - 16*g - 27. Determine o(-7).
-356
Let v(o) = 10*o**3 + 8*o**2 - 36*o + 9. Give v(4).
633
Let l(s) = -2*s**2 - 9*s + 6. Calculate l(-2).
16
Let l(y) = y**3 + 15*y - 442. Calculate l(7).
6
Let t(h) = -h**3 + 175*h**2 - 5406*h + 805. What is t(135)?
-5
Let u(j) = 6*j**2 + 5*j - 2. What is u(8)?
422
Let k(i) = -4*i**2 + 7*i - 3. Give k(5).
-68
Let l(i) = 29*i + 78. Give l(-3).
-9
Let i(b) = 74*b**2 - 510*b - 40. Calculate i(7).
16
Let g(v) = -1241*v - 43469. Determine g(-35).
-34
Let x(m) = 103*m + 448. Give x(-5).
-67
Let g(f) = 445*f - 7525. Determine g(17).
40
Let f(r) = 3*r**2 + 3*r - 72. Give f(7).
96
Let w(z) = -z**2 + 17*z + 393. Calculate w(-13).
3
Let p(h) = -19*h + 103. Calculate p(-2).
141
Let k(n) = 378*n - 4533. Give k(12).
3
Let x(v) = -v**3 + 48*v**2 + 1105*v + 1. What is x(65)?
1
Let i(l) = -l**2 - 6*l + 377. Determine i(16).
25
Let k(i) = -235*i + 1686. Give k(7).
41
Let y(d) = -33*d - 323. Determine y(-6).
-125
Let w(n) = 4*n**3 - 6*n**2 - 6*n + 16. What i